k*g. List the prime factors of c.
37
Let k(p) = p**2 + 8*p + 9. Let n be k(-7). Suppose r - 3*z - 9 = -n, 4*r = z + 17. Suppose -r*c + 10 = -14. What are the prime factors of c?
2, 3
Let q be 2*((-10)/4 - -1). Let j = 20 + q. What are the prime factors of j?
17
Let i(n) = n**2 - 8*n + 2. Let x(j) = j**3 - 6*j**2 + 3*j - 6. Let b be x(6). Suppose -18 - 33 = -4*g + 5*d, -b = 4*d. List the prime factors of i(g).
11
Suppose -2*t + 2 = -4. Suppose -j - t*j + 60 = 4*q, -4*j - 2*q + 52 = 0. What are the prime factors of j?
11
Let a = 35 + -25. Suppose 0 = a*f - 7*f - 27. What are the prime factors of f?
3
Suppose 0 = -23*d + 18*d + 185. What are the prime factors of d?
37
Let b = -3 - -2. List the prime factors of (-4 + -2)*(b + 0).
2, 3
Suppose -n + 11 = 4*r, n = r + 2*n + 1. Let o = 6 - r. What are the prime factors of o - (1*-3 + 2)?
3
Let x = -7 + 3. Let u = x + 4. List the prime factors of 0 + u + (-12)/(-4).
3
Let m(g) = 2*g - 6. Let v be m(5). Let p be v + -2 + 1*15. Suppose 0 = 2*i - p - 3. List the prime factors of i.
2, 5
Suppose 0 = -2*r + 5*u - 6, 2*u - 5*u = 4*r + 38. What are the prime factors of 66/(-4)*r/6?
2, 11
Let k(t) = t + 14. Let o be k(0). Suppose -g + o = 2*p - 17, -3*p - 194 = -5*g. What are the prime factors of g?
37
Suppose -2 - 6 = -4*g. Let y(x) = -x**3 + 6*x + 8 - 5*x + 6*x + 5*x**g. List the prime factors of y(6).
2, 7
Let o(m) = -m**3 + 7*m**2 - m + 10. Let k be o(7). Suppose -2*g + 50 = k*g. Suppose 0 = 3*v - l - 14, 5*v - 2*l - 14 = g. What are the prime factors of v?
2
Suppose -5*b = -0*y - 2*y - 213, 148 = 4*b + 4*y. List the prime factors of b.
41
Suppose 0 = 2*v - v. Suppose 2*i - 44 = -v*i. Suppose -3*f - 2*w = -i, -5*f - w = -2*w - 28. List the prime factors of f.
2, 3
Let d = 111 - 75. List the prime factors of d.
2, 3
Let k be (2/(-4))/(7/(-14)). Let h(j) = -4*j**2 + j**3 + 11*j**2 + 7 + 4*j + 3*j - k. List the prime factors of h(-5).
3, 7
Let o = 300 - 135. What are the prime factors of (8/10)/(11/o)?
2, 3
Suppose -5*i - 17 = -o, -4*o = -4*i + i - 68. Suppose -3*q + 3*v - o + 80 = 0, 4*q - 2*v = 80. List the prime factors of q.
19
Suppose -4*g = -15 - 5. Suppose -15 - 60 = -g*q. What are the prime factors of q?
3, 5
Let j = -9 - -5. What are the prime factors of (-7 + 1)*2/j?
3
Let d(g) = -g**3 - 5*g**2 - 4*g + 1. Let a be d(-3). List the prime factors of 1 + a/((-10)/4).
3
Suppose -r = 3*r. Suppose -3*y + 7*y = r. Suppose -3*t + 0*t + 27 = y. What are the prime factors of t?
3
Suppose 4*i = 454 + 590. List the prime factors of i.
3, 29
Let t(c) = c**2 + c - 1. Suppose 3*j = -2*j + 40. Suppose 0 = -4*p + 16, 4*n + 4*p - j = 2*n. List the prime factors of t(n).
11
Suppose -2 = 2*w + 2. Let t(u) = -3*u**3 + 4*u. Let r(n) = n**3 - n**2 - n. Let k(p) = w*r(p) - t(p). List the prime factors of k(2).
2, 3
Let v = 158 + -96. What are the prime factors of v?
2, 31
Let d be (-16)/(-56) + 486/14. Let r = d + -23. What are the prime factors of r?
2, 3
Suppose -5*t = 5*b - 480 - 785, 3*t - 2*b - 739 = 0. What are the prime factors of t?
3, 83
Suppose 0 = -2*z + 4, -2*z - 2 = t + 3*z. Let b = t - -31. What are the prime factors of b?
19
Suppose 4*y = 3*a - 16, -a + 3*y = 2*a - 21. Suppose -d + 3*d = a. Suppose 2*v - 4 = 5*g, 3*g - 14 + d = -4*v. List the prime factors of v.
2
Let m = -7 - -13. Suppose 10*a - 112 = m*a. What are the prime factors of a?
2, 7
Suppose -5*l = 100 - 35. Let s = -8 - l. Suppose v - o = 10 + 1, 2*v - 31 = s*o. List the prime factors of v.
2
Let i = 5 + 4. Let o = i - -7. List the prime factors of o.
2
Suppose 0 = 5*r - 2*m - 36, 0*m = -2*r + 2*m + 18. Suppose -r*c = -9*c + 27. What are the prime factors of c?
3
Let t be (-22)/(-10) + (-4)/20. Suppose 0 = -4*u, t*f + 3*u + 2*u - 64 = 0. List the prime factors of f.
2
Let d = 10 - 7. List the prime factors of d.
3
Let w(k) = k**3 + 4*k**2 - 11*k + 2. Suppose o = 5*o + 4*h + 8, 0 = 2*o - 3*h + 19. What are the prime factors of w(o)?
2
Suppose 3*d + 8 = 50. Let x be (-4)/14 - (-60)/d. Suppose -2*c - x = -26. What are the prime factors of c?
11
Let p(t) = 2*t - 4. Let r be p(7). Suppose 0*o - r = -2*o. Suppose -4*d = 5*q - 56 + o, q = 4*d + 15. What are the prime factors of q?
11
Suppose -15*v = -6*v - 1440. What are the prime factors of v?
2, 5
Let n(r) = -3*r**3 - 11*r**2 - 5*r - 5. List the prime factors of n(-5).
2, 3, 5
Let d(p) = -4*p - 10. Let w(s) = 4*s + 9. Let t(o) = 6*d(o) + 7*w(o). Let g be t(7). Let z = -21 + g. List the prime factors of z.
2, 5
Suppose 6 = 2*w - 0*w. Let g be 11 - (w*-1 + 2). Suppose 8*l - 4*l = 4*r - 8, -r + g = l. List the prime factors of r.
7
Let s = 60 + -35. Let m = -15 + s. List the prime factors of m.
2, 5
Let t(o) = -o**3 + 5*o + 2. Suppose 4*g + 0 - 16 = 0. Let k be 3*(-2)/g*2. List the prime factors of t(k).
2, 7
Let n = 18 - 0. Let k = -26 + n. Let s = 25 + k. What are the prime factors of s?
17
Let v(y) = 5*y + 10. Let u be v(-8). Let g = 79 + u. What are the prime factors of g?
7
Let l(f) = 19*f**2 + 4*f - 6. List the prime factors of l(-4).
2, 3, 47
Let b(d) = -d**3 + 6*d**2 - 2*d + 7. Let u be b(6). Let m = 1 - u. List the prime factors of m.
2, 3
Suppose 2*h = -10, -4*h - 27 = -2*v + 65. List the prime factors of v.
2, 3
Let n = 2 - -1. Suppose -n*y + 64 = j - 6*j, 0 = 4*y + 8. What are the prime factors of j/(-35) - 136/(-10)?
2, 7
Let l(v) be the third derivative of v**4/3 - 2*v**3 + 9*v**2. List the prime factors of l(8).
2, 13
Let m be (-99)/3*2/(-3). Let c be (-7)/28 + m/(-8). Let h = 5 - c. List the prime factors of h.
2
Suppose 0 = -13*r + 14*r - 32. List the prime factors of r.
2
Suppose 0 = 4*b + l - 0*l - 9, 0 = -4*l - 12. Suppose -5*o + 48 = -3*x, -2*x - 17 - 11 = -b*o. What are the prime factors of o?
2, 3
Let b(m) = m**2 + 7*m - 2. Let y be b(-7). Let u be (-28)/(-1) + y - 0. Suppose -7 = -3*l + u. What are the prime factors of l?
11
Suppose -4*i - 5*z = -27, 3*i - 2 = -z + 10. Let g(p) = p**2 - p - 4. Let c be g(i). Suppose 6 = -0*r + c*r. What are the prime factors of r?
3
Let b(h) = -h**3 - h. Let l(j) = 4*j**3 + 13*j**2 + 6*j + 12. Let g(n) = -3*b(n) - l(n). List the prime factors of g(-13).
3
Let r = 11 - 2. Let q(d) = -d**2 + 11*d. What are the prime factors of q(r)?
2, 3
Suppose -2*j - 3 = -9. Suppose -3*g + 22 = -4*t, 2*g - j*t - 2*t = 24. Suppose g*d = 8, 5*d - 7 = -2*w + 3*w. List the prime factors of w.
13
Suppose u - 1 - 11 = 0. Suppose 5*i = 2*i + u. What are the prime factors of i?
2
Suppose 5*h + 143 = 4*w, 2*w - 2*h = 34 + 38. List the prime factors of w.
37
Suppose 6*p = 5*p + 24. Let c = -12 + p. List the prime factors of c.
2, 3
Let f(i) = -i - 16. Let v be f(-8). Let z = v + 16. List the prime factors of z.
2
Suppose -m + 71 + 77 = -p, 4*p - 158 = -m. What are the prime factors of m?
2, 3, 5
Suppose 1143 = 9*c - 0*c. What are the prime factors of c?
127
Suppose -2*l - 2*o = -12, l + 0*l - o - 4 = 0. Let k = 5 - l. List the prime factors of (-9)/(-12)*(k - -4).
3
Let r(w) = 3*w - 9. Suppose 0 = q - p - 9, -q + 6 = 2*p - 0*p. Let i = q + -1. List the prime factors of r(i).
2, 3
Let m(p) = -4*p + 8. Let l be m(8). List the prime factors of ((-18)/(-5))/(l/(-60)).
3
Let o = -33 + 99. List the prime factors of o/14 - 4/(-14).
5
Let y be (44/2)/1 + 2. Suppose y = -0*b + 4*b. What are the prime factors of 70/b + (-2)/3?
11
Let j = -9 - -27. Let r = 26 - j. What are the prime factors of r?
2
Suppose -5*c = -2*b - 73, -17 = 3*c - 4*b - 58. Suppose -h - 4*a = -10, 2*h - c = -0*h - 3*a. What are the prime factors of 0 - -1 - h/(-1)?
7
Let a(y) = y**2 + 2*y - 16. What are the prime factors of a(-10)?
2
Suppose 5*t = 10*t + 10. Let b = t - -21. What are the prime factors of b?
19
Let y(c) = 3*c - 6. List the prime factors of y(6).
2, 3
Let c(j) = 365*j**3 + 2*j**2 - j - 2. What are the prime factors of c(1)?
2, 7, 13
Let m = 295 - 118. List the prime factors of m.
3, 59
Suppose -2*c - 12 = 4*s, 0 = 3*s + s + 8. Let v be -4 - (-1 - (-2 - c)). Let z = -1 - v. What are the prime factors of z?
2
Let f = 48 + -32. Suppose -2*t + f = 4*w, -16 = -2*t - w + 4*w. Suppose -t*k = 4*q - 6*k - 28, k = -4*q + 28. What are the prime factors of q?
7
Suppose t - 117 = -0*t + h, -2*t + 5*h = -225. What are the prime factors of t?
2, 3, 5
Let t = 7 - 2. Suppose 0 = -t*k - v + 24, -2*k + 0*v + 5*v 